{"id":2901,"date":"2015-11-18T08:34:00","date_gmt":"2015-11-18T08:34:00","guid":{"rendered":"http:\/\/demo.thimpress.com\/eduma\/?page_id=2901"},"modified":"2022-12-28T15:19:53","modified_gmt":"2022-12-28T15:19:53","slug":"about-us","status":"publish","type":"page","link":"https:\/\/www.sonria.com\/educacion\/about-us\/","title":{"rendered":"Acerca de Nosotros"},"content":{"rendered":"<div id=\"pl-2901\"  class=\"panel-layout\" ><div id=\"pg-2901-0\"  class=\"panel-grid panel-no-style\" ><div id=\"pgc-2901-0-0\"  class=\"panel-grid-cell\" ><div id=\"panel-2901-0-0-0\" class=\"so-panel widget widget_heading panel-first-child panel-last-child\" data-index=\"0\" ><div class=\"panel-widget-style panel-widget-style-for-2901-0-0-0\" ><div class=\"thim-widget-heading template-base\"><div class=\"sc_heading  text-center\"><h3 style=\"text-transform: uppercase;\" class=\"title\">Educando OnLine desde 1995<\/h3><p class=\"sub-heading\" style=\"\">Integrando voluntades, expresiones que se dan y se comparten. Arte vivo, pura energ\u00eda creadora!<\/p><span class=\"line\"><\/span><\/div><\/div><\/div><\/div><\/div><\/div><div id=\"pg-2901-1\"  class=\"panel-grid panel-no-style\" ><div id=\"pgc-2901-1-0\"  class=\"panel-grid-cell\" ><div id=\"panel-2901-1-0-0\" class=\"so-panel widget widget_counters-box panel-first-child panel-last-child\" data-index=\"1\" ><div class=\"thim-widget-counters-box template-base\"><div class=\"counter-box about-us\" style=\"\"><div class=\"content-box-percentage\">\n\t\t<div class=\"wrap-percentage\">\n\t\t<div class=\"display-percentage\" data-percentage=\"113118\" >113118<\/div><div class=\"text_number\"><\/div><\/div><div class=\"counter-content-container\"><div class=\"counter-box-content\" style=\"\">Visitas<\/div><\/div><\/div><\/div><\/div><\/div><\/div><div id=\"pgc-2901-1-1\"  class=\"panel-grid-cell\" ><div id=\"panel-2901-1-1-0\" class=\"so-panel widget widget_counters-box panel-first-child panel-last-child\" data-index=\"2\" ><div class=\"thim-widget-counters-box template-base\"><div class=\"counter-box about-us\" style=\"\"><div class=\"content-box-percentage\">\n\t\t<div class=\"wrap-percentage\">\n\t\t<div class=\"display-percentage\" data-percentage=\"12\" >12<\/div><div class=\"text_number\"><\/div><\/div><div class=\"counter-content-container\"><div class=\"counter-box-content\" style=\"\">Mentor Coaches<\/div><\/div><\/div><\/div><\/div><\/div><\/div><div id=\"pgc-2901-1-2\"  class=\"panel-grid-cell\" ><div id=\"panel-2901-1-2-0\" class=\"so-panel widget widget_counters-box panel-first-child panel-last-child\" data-index=\"3\" ><div class=\"thim-widget-counters-box template-base\"><div class=\"counter-box about-us\" style=\"\"><div class=\"content-box-percentage\">\n\t\t<div class=\"wrap-percentage\">\n\t\t<div class=\"display-percentage\" data-percentage=\"2240\" >2240<\/div><div class=\"text_number\"><\/div><\/div><div class=\"counter-content-container\"><div class=\"counter-box-content\" style=\"\">estudiantes<\/div><\/div><\/div><\/div><\/div><\/div><\/div><div id=\"pgc-2901-1-3\"  class=\"panel-grid-cell\" ><div id=\"panel-2901-1-3-0\" class=\"so-panel widget widget_counters-box panel-first-child panel-last-child\" data-index=\"4\" ><div class=\"thim-no-border panel-widget-style panel-widget-style-for-2901-1-3-0\" ><div class=\"thim-widget-counters-box template-base\"><div class=\"counter-box about-us\" style=\"\"><div class=\"content-box-percentage\">\n\t\t<div class=\"wrap-percentage\">\n\t\t<div class=\"display-percentage\" data-percentage=\"126\" >126<\/div><div class=\"text_number\"><\/div><\/div><div class=\"counter-content-container\"><div class=\"counter-box-content\" style=\"\">Cursos Completados<\/div><\/div><\/div><\/div><\/div><\/div><\/div><\/div><\/div><div id=\"pg-2901-2\"  class=\"panel-grid panel-no-style\" ><div id=\"pgc-2901-2-0\"  class=\"panel-grid-cell\" ><div id=\"panel-2901-2-0-0\" class=\"so-panel widget widget_gallery-images panel-first-child\" data-index=\"5\" ><div class=\"thim-widget-gallery-images template-base\"><div class=\"thim-carousel-wrapper gallery-img\" data-visible=\"1\" data-itemtablet=\"2\" data-itemmobile=\"1\" data-autoplay=\"0\" data-navigation=\"0\" data-pagination=\"1\" data-loop=\"true\"><div class=\"item\"><img decoding=\"async\" width=\"968\" height=\"256\" src=\"https:\/\/www.sonria.com\/educacion\/wp-content\/uploads\/2015\/11\/profesiones2.jpg\" class=\"attachment-full size-full\" alt=\"\" srcset=\"https:\/\/www.sonria.com\/educacion\/wp-content\/uploads\/2015\/11\/profesiones2.jpg 968w, https:\/\/www.sonria.com\/educacion\/wp-content\/uploads\/2015\/11\/profesiones2-570x151.jpg 570w, https:\/\/www.sonria.com\/educacion\/wp-content\/uploads\/2015\/11\/profesiones2-300x79.jpg 300w, https:\/\/www.sonria.com\/educacion\/wp-content\/uploads\/2015\/11\/profesiones2-768x203.jpg 768w\" sizes=\"(max-width: 968px) 100vw, 968px\" \/><\/div><\/div><\/div><\/div><div id=\"panel-2901-2-0-1\" class=\"so-panel widget widget_text panel-last-child\" data-index=\"6\" >\t\t\t<div class=\"textwidget\"><div class=\"thim-about-us-quote\">\n<p>Mientras los t\u00edmidos se quedan reflexionando, los valientes emprenden, a\u00fan sin tener todo en claro.<\/p>\n<div class=\"agency\">Fabi\u00e1n Sorrentino, Fundador.<\/div>\n<hr>\n<\/div><\/div>\n\t\t<\/div><\/div><\/div><div id=\"pg-2901-3\"  class=\"panel-grid panel-no-style\" ><div id=\"pgc-2901-3-0\"  class=\"panel-grid-cell\" ><div id=\"panel-2901-3-0-0\" class=\"so-panel widget widget_text panel-first-child panel-last-child\" data-index=\"7\" ><h3 class=\"widget-title\">\u00bfQu\u00e9nes Somos?<\/h3>\t\t\t<div class=\"textwidget\">Somos una organizaci\u00f3n de servicios educativos que promueve el desarrollo del potencial humano. Creyendo en la importancia de que nuestros clientes puedan asistir a otros a aprender, servir y disfrutar en armon\u00eda.\n<br><br>\nLa vida es un espacio de aprendizaje, de renunciamiento progresivo, de continua limitaci\u00f3n de nuestras pretensiones, de sostener las esperanzas, de honrar nuestra libertad.<\/div>\n\t\t<\/div><\/div><div id=\"pgc-2901-3-1\"  class=\"panel-grid-cell panel-grid-cell-empty\" ><\/div><div id=\"pgc-2901-3-2\"  class=\"panel-grid-cell\" ><div id=\"panel-2901-3-2-0\" class=\"so-panel widget widget_text panel-first-child panel-last-child\" data-index=\"8\" ><h3 class=\"widget-title\">\u00bfQu\u00e9 Servicios Prestamos?<\/h3>\t\t\t<div class=\"textwidget\">Para quienes necesitan respuestas integradoras sin una inversi\u00f3n inicial, brindando a sus clientes la mejor tecnolog\u00eda educativa.\n<br><br>\nTransmisiones profesionales de clases y congresos, recibir pagos a trav\u00e9s de tarjetas de cr\u00e9dito, suite completa de herramientas educativas. Estad\u00edsticas de los estudiantes, evaluaciones en l\u00ednea, encuestas, soporte gr\u00e1fico y de video de sus cursos. etc.<\/div>\n\t\t<\/div><\/div><\/div><div id=\"pg-2901-4\"  class=\"panel-grid panel-no-style\" ><div id=\"pgc-2901-4-0\"  class=\"panel-grid-cell\" ><div id=\"panel-2901-4-0-0\" class=\"so-panel widget widget_heading panel-first-child panel-last-child\" data-index=\"9\" ><div class=\"thim-widget-heading template-base\"><div class=\"sc_heading  text-center\"><h3 style=\"text-transform: uppercase;\" class=\"title\">Staff y Entrenadores<\/h3><p class=\"sub-heading\" style=\"\">Cocreadores de cada presente, de cada instante, seres motivados por el amor.<\/p><span class=\"line\"><\/span><\/div><\/div><\/div><\/div><\/div><div id=\"pg-2901-5\"  class=\"panel-grid panel-no-style\" ><div id=\"pgc-2901-5-0\"  class=\"panel-grid-cell\" ><div id=\"panel-2901-5-0-0\" class=\"so-panel widget widget_our-team panel-first-child panel-last-child\" data-index=\"10\" ><div class=\"thim-widget-our-team template-our-team\">\n<div class=\"wrapper-lists-our-team icon-image-hover\"><a class=\"join-our-team\" href=\"#\" title=\"Suma tus Entrenamientos\" rel=\"nofollow\" target=\"_blank\">Suma tus Entrenamientos<\/a><div class=\"row\"><div class=\"our-team-item col-sm-3\"><div class=\"our-team-image\"> <a class=\"link-img\" href=\"https:\/\/www.sonria.com\/educacion\/our_team\/ronald-montes\/\"><\/a><img decoding=\"async\" src=\"https:\/\/www.sonria.com\/educacion\/wp-content\/uploads\/2022\/12\/ronald2-200x200.jpg\" alt=\"ronald2\"  width=\"200\" height=\"200\"><div class=\"social-team\"><\/div><\/div><div class=\"content-team\"><h4 class=\"title\"><a href=\"https:\/\/www.sonria.com\/educacion\/our_team\/ronald-montes\/\">Ronald Montes<\/a><\/h4><div class = \"regency\">Tech Engieer - Fragance Industry<\/div><\/div><\/div><div class=\"our-team-item col-sm-3\"><div class=\"our-team-image\"> <a class=\"link-img\" href=\"https:\/\/www.sonria.com\/educacion\/our_team\/minerva-pachano\/\"><\/a><img decoding=\"async\" src=\"https:\/\/www.sonria.com\/educacion\/wp-content\/uploads\/2015\/06\/1-200x200.jpg\" alt=\"1\"  width=\"200\" height=\"200\"><div class=\"social-team\"><\/div><\/div><div class=\"content-team\"><h4 class=\"title\"><a href=\"https:\/\/www.sonria.com\/educacion\/our_team\/minerva-pachano\/\">Minerva Pachano<\/a><\/h4><div class = \"regency\">Sonria.TV - Business Technology<\/div><\/div><\/div><div class=\"our-team-item col-sm-3\"><div class=\"our-team-image\"> <a class=\"link-img\" href=\"https:\/\/www.sonria.com\/educacion\/our_team\/fabian-sorrentino\/\"><\/a><img decoding=\"async\" src=\"https:\/\/www.sonria.com\/educacion\/wp-content\/uploads\/2017\/03\/fabian-200x200.jpg\" alt=\"fabian\"  width=\"200\" height=\"200\"><div class=\"social-team\"><a target=\"_blank\" href=\"https:\/\/www.facebook.com\/fabiansonria\"><i class=\"fa fa-facebook\"><\/i><\/a><a target=\"_blank\" href=\"callto:\/\/fsorrentino\"><i class=\"fa fa-skype\"><\/i><\/a><a target=\"_blank\" href=\"https:\/\/www.linkedin.com\/in\/fabian-sorrentino-3b5282\"><i class=\"fa fa-linkedin\"><\/i><\/a><\/div><\/div><div class=\"content-team\"><h4 class=\"title\"><a href=\"https:\/\/www.sonria.com\/educacion\/our_team\/fabian-sorrentino\/\">Dr. Fabi\u00e1n Sorrentino<\/a><\/h4><div class = \"regency\">Director Acad\u00e9mico<\/div><\/div><\/div><div class=\"our-team-item col-sm-3\"><div class=\"our-team-image\"> <a class=\"link-img\" href=\"https:\/\/www.sonria.com\/educacion\/our_team\/patricia-veliz-macal\/\"><\/a><img decoding=\"async\" src=\"https:\/\/www.sonria.com\/educacion\/wp-content\/uploads\/2017\/03\/Sin-t\u00edtulo-1-200x200.jpg\" alt=\"Sin-t\u00edtulo-1\"  width=\"200\" height=\"200\"><div class=\"social-team\"><a target=\"_blank\" href=\"https:\/\/www.facebook.com\/patymacal\"><i class=\"fa fa-facebook\"><\/i><\/a><a target=\"_blank\" href=\"https:\/\/www.linkedin.com\/in\/patricia-veliz-macal-aa082329\/\"><i class=\"fa fa-linkedin\"><\/i><\/a><\/div><\/div><div class=\"content-team\"><h4 class=\"title\"><a href=\"https:\/\/www.sonria.com\/educacion\/our_team\/patricia-veliz-macal\/\">Patricia Veliz Macal<\/a><\/h4><div class = \"regency\">Educaci\u00f3n Intergeneracional<\/div><\/div><\/div><div class=\"our-team-item col-sm-3\"><div class=\"our-team-image\"> <a class=\"link-img\" href=\"https:\/\/www.sonria.com\/educacion\/our_team\/dra-catalina-cuesta\/\"><\/a><img decoding=\"async\" src=\"https:\/\/www.sonria.com\/educacion\/wp-content\/uploads\/2017\/03\/cata-200x200.jpg\" alt=\"cata\"  width=\"200\" height=\"200\"><div class=\"social-team\"><a target=\"_blank\" href=\"https:\/\/www.facebook.com\/Academia-Naval-Visi\u00f3n-ANAVI-174228945924050\/\"><i class=\"fa fa-facebook\"><\/i><\/a><\/div><\/div><div class=\"content-team\"><h4 class=\"title\"><a href=\"https:\/\/www.sonria.com\/educacion\/our_team\/dra-catalina-cuesta\/\">Dra. Catalina Cuesta<\/a><\/h4><div class = \"regency\">Corresponsal en Ecuador<\/div><\/div><\/div><div class=\"our-team-item col-sm-3\"><div class=\"our-team-image\"> <a class=\"link-img\" href=\"https:\/\/www.sonria.com\/educacion\/our_team\/matias-levin\/\"><\/a><img decoding=\"async\" src=\"https:\/\/www.sonria.com\/educacion\/wp-content\/uploads\/2017\/03\/matt-200x200.jpg\" alt=\"matt\"  width=\"200\" height=\"200\"><div class=\"social-team\"><a target=\"_blank\" href=\"https:\/\/www.facebook.com\/mlevin3\"><i class=\"fa fa-facebook\"><\/i><\/a><a target=\"_blank\" href=\"https:\/\/www.linkedin.com\/in\/matias-levin-8a541a64\/\"><i class=\"fa fa-linkedin\"><\/i><\/a><\/div><\/div><div class=\"content-team\"><h4 class=\"title\"><a href=\"https:\/\/www.sonria.com\/educacion\/our_team\/matias-levin\/\">Mat\u00edas Levin<\/a><\/h4><div class = \"regency\">Talleres de M\u00fasica<\/div><\/div><\/div><div class=\"our-team-item col-sm-3\"><div class=\"our-team-image\"> <a class=\"link-img\" href=\"https:\/\/www.sonria.com\/educacion\/our_team\/omar-gulchin\/\"><\/a><img decoding=\"async\" src=\"https:\/\/www.sonria.com\/educacion\/wp-content\/uploads\/2018\/07\/2018-200x200.jpg\" alt=\"2018\"  width=\"200\" height=\"200\"><div class=\"social-team\"><a target=\"_blank\" href=\"https:\/\/www.facebook.com\/omar.gulchin\"><i class=\"fa fa-facebook\"><\/i><\/a><\/div><\/div><div class=\"content-team\"><h4 class=\"title\"><a href=\"https:\/\/www.sonria.com\/educacion\/our_team\/omar-gulchin\/\">Omar Gulchin<\/a><\/h4><div class = \"regency\">Corresponsal en Espa\u00f1a<\/div><\/div><\/div><div class=\"our-team-item col-sm-3\"><div class=\"our-team-image\"> <a class=\"link-img\" href=\"https:\/\/www.sonria.com\/educacion\/our_team\/leonardo-daniel-golub\/\"><\/a><img decoding=\"async\" src=\"https:\/\/www.sonria.com\/educacion\/wp-content\/uploads\/2017\/03\/leonardo-golub-200x200.jpg\" alt=\"leonardo-golub\"  width=\"200\" height=\"200\"><div class=\"social-team\"><a target=\"_blank\" href=\"https:\/\/www.facebook.com\/leo.golub.7?fref=ts\"><i class=\"fa fa-facebook\"><\/i><\/a><a target=\"_blank\" href=\"https:\/\/twitter.com\/@leogolub\"><i class=\"fa fa-x-twitter\"><\/i><\/a><a target=\"_blank\" href=\"https:\/\/www.linkedin.com\/in\/leogolub\/\"><i class=\"fa fa-linkedin\"><\/i><\/a><\/div><\/div><div class=\"content-team\"><h4 class=\"title\"><a href=\"https:\/\/www.sonria.com\/educacion\/our_team\/leonardo-daniel-golub\/\">Leonardo Daniel Golub<\/a><\/h4><div class = \"regency\">Coaching Dietafull<\/div><\/div><\/div><\/div><\/div><\/div><\/div><\/div><\/div><\/div>","protected":false},"excerpt":{"rendered":"<p>Educando OnLine desde 1995Integrando voluntades, expresiones que se dan y se comparten. Arte vivo, pura energ\u00eda creadora! 113118Visitas 12Mentor Coaches 2240estudiantes 126Cursos Completados Mientras los t\u00edmidos se quedan reflexionando, los valientes emprenden, a\u00fan sin tener todo en claro. Fabi\u00e1n Sorrentino, &hellip; <\/p>\n","protected":false},"author":1,"featured_media":0,"parent":0,"menu_order":0,"comment_status":"closed","ping_status":"closed","template":"","meta":{"_bbp_topic_count":0,"_bbp_reply_count":0,"_bbp_total_topic_count":0,"_bbp_total_reply_count":0,"_bbp_voice_count":0,"_bbp_anonymous_reply_count":0,"_bbp_topic_count_hidden":0,"_bbp_reply_count_hidden":0,"_bbp_forum_subforum_count":0,"pmpro_default_level":"","footnotes":""},"class_list":["post-2901","page","type-page","status-publish","hentry","pmpro-has-access"],"_links":{"self":[{"href":"https:\/\/www.sonria.com\/educacion\/wp-json\/wp\/v2\/pages\/2901","targetHints":{"allow":["GET"]}}],"collection":[{"href":"https:\/\/www.sonria.com\/educacion\/wp-json\/wp\/v2\/pages"}],"about":[{"href":"https:\/\/www.sonria.com\/educacion\/wp-json\/wp\/v2\/types\/page"}],"author":[{"embeddable":true,"href":"https:\/\/www.sonria.com\/educacion\/wp-json\/wp\/v2\/users\/1"}],"replies":[{"embeddable":true,"href":"https:\/\/www.sonria.com\/educacion\/wp-json\/wp\/v2\/comments?post=2901"}],"version-history":[{"count":0,"href":"https:\/\/www.sonria.com\/educacion\/wp-json\/wp\/v2\/pages\/2901\/revisions"}],"wp:attachment":[{"href":"https:\/\/www.sonria.com\/educacion\/wp-json\/wp\/v2\/media?parent=2901"}],"curies":[{"name":"wp","href":"https:\/\/api.w.org\/{rel}","templated":true}]}}